 -16071. Is r prime?
False
Let o(d) = 541*d**2 - 8*d - 32. Is o(-3) a composite number?
False
Let w(m) = 4 + m**2 + 0 + 8*m - 13*m. Let z be w(4). Is (-74)/(-2)*(z + 1) a prime number?
True
Let b = -21 - -24. Suppose 0 = -b*a + 960 + 453. Is a a prime number?
False
Suppose 1 = 3*i - 4*i, 17 = 2*p - 5*i. Let a(t) = 3*t - 16. Let r be a(p). Suppose -r - 271 = -7*z. Is z prime?
False
Suppose 6*a = a + 5*s + 340, 0 = 2*a - 3*s - 134. Let z = -15 + a. Is z a prime number?
False
Suppose 10*p = 13*p - 18. Suppose 4*h + 54 = p*h + 2*l, 42 = 2*h + 5*l. Is h a composite number?
False
Suppose -3*m + 380 = m. Let i = m + -28. Is i a prime number?
True
Let y(s) = -5*s**2 - 4*s - 10. Let l be y(-4). Let i = l + 129. Is i a prime number?
False
Let k be 11/7 + 36/84. Suppose k*j - 1864 - 370 = 4*w, -4*w = j - 1111. Is j prime?
False
Let n be (-170 - 3)*(-5)/5. Is (4/(-10))/(-1) - n/(-5) composite?
True
Let b be 120/56 + 2/(-14). Let n be b - 54/(-1 - 0). Is -4 + 1 - (-12 - n) a prime number?
False
Suppose -u - 4*t = 2*u - 22, u - 10 = -2*t. Suppose u*d + 3*d = 25. Suppose 0 = -d*j - 4*p + 351 + 463, -510 = -3*j + 3*p. Is j composite?
True
Suppose 3*a + 2*w + 7566 = 0, 2*a + 5049 = 2*w - 5*w. Let k = a + 3859. Suppose -2*b + 9 = 4*g - 537, -5*b = -3*g - k. Is b a prime number?
True
Let p(x) be the first derivative of -x**4/4 - 5*x**3/3 - 3*x**2 - x - 1. Let m be p(-4). Let j = m + 6. Is j prime?
True
Is -22650*(-2)/4 - -8 a composite number?
True
Suppose -b - a + 127 = 0, 2*b + 5*a = 90 + 176. Is b a prime number?
False
Is (-440)/6*(-45)/60 composite?
True
Suppose m = 4*j - 31445, 2*m + 15724 = 2*j - 0*m. Is j a composite number?
True
Is ((-207)/138)/(3/(-7174)) a prime number?
False
Let i(y) be the third derivative of -89*y**4/4 + y**3/6 - 4*y**2 - 19*y. Let p = -3 - -2. Is i(p) prime?
False
Let i(c) = -c**3 + 2*c. Let b be i(2). Let p be 2 - (4 + 0)/b. Suppose -2*u + 244 = 2*q, 0 = -p*u - 0*q - q + 358. Is u a composite number?
True
Suppose 7*f + 1118 = -891. Let v = -85 - f. Is v prime?
False
Let u(b) = 10*b**2 + 15*b - 146. Is u(-27) composite?
True
Let k(n) = n**3 - 20*n**2 + 21*n + 13. Let v(p) = 5*p**2 - 5*p - 3. Let j(y) = y - 3. Let w be j(-6). Let r(m) = w*v(m) - 2*k(m). Is r(-6) a prime number?
False
Let m(t) = -t**3 + 5*t**2 + 6*t - 9. Let c be m(6). Let o be (3 + 0)/(c/(-6)). Suppose -5 = -n, -3*n = -5*h + o*n + 240. Is h prime?
True
Let h = -12755 - -29250. Is h a prime number?
False
Let s = 118 + -123. Let l(j) = -172*j + 41. Is l(s) a composite number?
True
Let j = 4477 - 2444. Is j prime?
False
Let u = 3 - 4. Let w(y) = -5*y. Let z be w(u). Suppose -t = -3, -z*j - 2*t + 245 = -4*j. Is j composite?
False
Let a be 5/(0 - (-2)/(-4)). Let z be (-1 - -1) + (a - -10). Is (-87 + z)*(-65)/39 a prime number?
False
Suppose -2*j + 4*h + 9643 = -5975, 0 = -5*j + 4*h + 39039. Is j composite?
True
Suppose -19*f + 2790159 = 32*f. Is f prime?
True
Let r(j) = 3*j**2 + 28*j - 172. Is r(-27) prime?
True
Suppose 5*h = 249 - 689. Let u be 16/h - 35/(-11). Suppose -2*d + u*d - 311 = 0. Is d a prime number?
True
Suppose -5*j - 1414 = -4*m, 5*j + 1426 = 4*m - 3*m. Let g = 465 - j. Is g a prime number?
True
Suppose 5*l = -4*f + 67629, 30*l - 32*l + 2*f + 27066 = 0. Is l a composite number?
True
Suppose 2*v - 9377 + 3339 = 0. Is v a composite number?
False
Let m = 49948 - 27719. Is m prime?
True
Suppose 1751 + 25461 = 4*b. Is b composite?
False
Let n(h) = -30*h - 1. Let y(x) = 59*x + 3. Let i be 24/(-16)*(-52)/6. Let c(j) = i*n(j) + 6*y(j). Is c(-4) composite?
False
Suppose 0 = -6*v + 16 + 1574. Suppose -u + n = -0*n + 127, -2*u + n - 249 = 0. Let b = u + v. Is b a composite number?
True
Suppose -4*k + 70 = 5*d, -3*k + 3*d + 25 = -14. Suppose y - 2 + k = 0. Let i(q) = q**2 - 2*q + 16. Is i(y) a composite number?
False
Let l(z) = 7*z**3 + 11*z + 1. Let q(s) = -19*s**3 - s**2 - 32*s - 1. Let u(p) = 8*l(p) + 3*q(p). Suppose 0*x = -3*x - 6, -5*v - x = 37. Is u(v) prime?
True
Suppose 2*u - 3*r - 334 = 0, 5*r = -5*u + 219 + 566. Suppose -u = -12*y + 8779. Is y a composite number?
True
Suppose -d - 7 + 0 = 2*a, 3*d - 2*a = -13. Is 1006 + (2 - (-25)/d) a prime number?
False
Let n be (3 - -3) + -3 + 3. Let a(v) = 20*v**2 + 2*v + 11. Is a(n) a prime number?
True
Suppose 4*b - 40951 = 2*s + 82691, -3*s = -b + 30908. Is b a prime number?
True
Suppose -x + 0*x - 2*w + 5577 = 0, -3*x + 16676 = -5*w. Is x composite?
True
Let q = 1701 - 8. Is q a prime number?
True
Let p(n) = -42*n - 207. Is p(-10) a prime number?
False
Is (3*5/30)/(3/38118) a composite number?
False
Let v be ((-96)/60)/((-1)/(-5)). Is 145 + 0*(-4)/v a prime number?
False
Is 106*2/20*(-2 - -7) prime?
True
Suppose 0 = 2*m + 2*a, 0 = 3*m - 10*a + 7*a - 18. Is 48/10*18 - m/(-5) composite?
True
Let n(s) be the second derivative of -5*s**3/3 + 9*s**2/2 + 5*s. Suppose -2*v - 8 = -4*q, 5*q = -3*v + 3 - 37. Is n(v) a prime number?
True
Let t be 1/(3 - 880/295). Let x = 108 - t. Is x a composite number?
True
Let k(z) = z**2 + 10*z + 5. Let f be k(-10). Suppose -6*g - 15 = -5*h - 2*g, -h - f*g = 26. Is h/(1229/(-307) - -4) a prime number?
True
Let b = -24736 - -41747. Is b composite?
False
Let t(q) be the third derivative of q**6/120 - q**5/12 - q**4/6 - q**3/2 - 22*q**2. Is t(8) composite?
False
Let b be 40/12*(-30)/25. Let k(h) = -117*h - 59. Let m(z) = 58*z + 29. Let u(l) = b*k(l) - 9*m(l). Is u(-8) a prime number?
False
Let r(m) = 2*m**3 + 41*m**2 - 3*m - 25. Let w be r(-18). Suppose 9*d - w = 7738. Is d composite?
True
Let b(h) be the third derivative of h**6/120 + 3*h**5/20 + h**4/8 + h**3/6 + 9*h**2. Let t(a) = -a**3 + 3*a**2 + 4*a - 5. Let q be t(4). Is b(q) a prime number?
False
Let n(c) = -c**2 - 13*c - 22. Let h be n(-11). Suppose 3*r + 2*f - 4575 = -2*r, -5*f + 25 = h. Is r a prime number?
False
Let x be 3*(-16)/12 + 3 + 7. Suppose x*f = 4*f + 1146. Is f prime?
False
Let f(d) = 10*d**2 + 15 - 4*d - 21 + 67*d**2. Is f(-5) prime?
False
Suppose -5*u - 56 + 7 = -b, -2 = -2*u. Let m = b + 23. Is m prime?
False
Let m(l) = 595*l - 395. Let o(g) = 27*g - 18. Let r(u) = -2*m(u) + 45*o(u). Let x = -69 + 78. Is r(x) prime?
False
Let r = 79 - 45. Suppose -2*v - 2*y = 0, 5*y + 0*y = 5*v - 20. Suppose 0 = 4*p + 3*u - 136, 0 = p - v*p + 4*u + r. Is p prime?
False
Let p be 99/22*(-430)/(-3). Let g = p + -408. Is g prime?
False
Suppose -5*d = h + 8, 4*d = -3*h - 10 - 3. Is 0 + h + 6150/15 composite?
True
Let m = -1324 + -284. Let f = 2307 + m. Is f a composite number?
True
Let c(l) = 68*l**3 + 2*l**2 - 1. Suppose -2 = -2*d + 3*u, 3 - 2 = d - 4*u. Is c(d) a prime number?
False
Suppose 180*j - 175*j - 23995 = 0. Is j a prime number?
True
Let u(d) = -27*d - 346. Is u(-25) prime?
False
Let d(o) = -o - 11*o**3 + 5*o**2 - 7*o**3 + 16*o**3 - 9. Let h be d(-9). Suppose -2*m - 4*z + 834 = 0, 4*m - h + 221 = 5*z. Is m prime?
False
Let u = -3427 + 5328. Is u a prime number?
True
Suppose 4*v - 12 = 8*v. Let f be v/(-2) - 30/(-12). Is (18/f)/(-9)*-86 composite?
False
Suppose 0 = 5*n - 6*n + 87. Let z = n + -127. Let s = 93 + z. Is s prime?
True
Suppose 10 = -3*q + 5*h + 78, 24 = q - 2*h. Suppose 9070 = 26*s - q*s. Is s prime?
True
Suppose -3*j - 3*t = -33, 3*j + t - 4*t - 3 = 0. Is 14368/20 - j/(-10) prime?
True
Is 677 - 4/(-12)*-12 a prime number?
True
Suppose 2*t + 0*t = 2372. Is t composite?
True
Suppose y - 4268 = -2*x + 2921, x + 5*y - 3617 = 0. Let k = x - 2289. Is k a prime number?
True
Let z(u) = u**3 + 5*u**2 + 5*u + 2. Let k be z(-4). Let v = 44 + k. Suppose f - v = -f. Is f a prime number?
False
Let b(n) = -27*n**2 + 10*n + 6. Let z be b(-6). Let i = -647 - z. Is i a prime number?
True
Is ((-1)/1)/1*(0 - 6349) a prime number?
False
Suppose -5*i + 10*i + 5*j - 63815 = 0, 0 = -5*i - 3*j + 63815. Is i prime?
True
Suppose 3 = 3*s - 2*t, 0 = -3*s - 5*t + 15 + 9. Suppose s*l + 22 = 5*d + 4*l, 4*d - 23 = l. Suppose 0*c = d*c - 1435. Is c a prime number?
False
Let c(j) = 31*j**2 - 2*j - 1. Let p be c(-2). Let t(i) = -37*i - 14. Let r be t(4). Let z = p - r. Is z a composite number?
True
Let x(j) = -39*j**2 + 4*j - 4. Let y(o) = -196*o**2 + 21*o - 20. Let u(i) = -11*x(i) + 2*y(i). Is u(5) a prime number?
True
Let y(h) = 2 + 40*h - 22*h - 17*h + 0. Let v be y(2). Suppose 0 = 3*b - 5*b - 2*p + 1356, 0 = 4*p + v. Is b a prime number?
False
S